-16 - 9 = 5*y, -5*r + 3*y + 30 = 0. Let d(s) be the third derivative of 0 - 1/12*s**4 + 2*s**2 + 0*s - 1/2*s**3. Give d(r).
-9
Let f(w) = -1 + 5*w + 4*w + 4 - w. Let g be f(-2). Let l = g - -15. Let x(t) = 2*t**2 + 4*t - 3. Determine x(l).
13
Let v(a) be the first derivative of -a**2/2 + 5*a - 20. Suppose -24 = -4*g - 4*h, -h + 4 = 3*g - 10. Give v(g).
1
Let o(h) be the third derivative of h**4/24 - h**3/6 + 335*h**2. Suppose 32 = -2*z - 2*z - 4*m, -2*z - 4 = -m. Calculate o(z).
-5
Let y = 491 + -490. Let x(c) = -2*c**3 - c. Determine x(y).
-3
Suppose -3*h + 0 = -g + 3, -4*h + 5*g = -7. Let w(p) = -9*p + 1. Determine w(h).
19
Let h(b) = 8*b + 117. Let k be h(-14). Let i(p) = p**3 - 5*p**2 + 4*p - 4. What is i(k)?
16
Let x(l) = -4*l**2 + 12*l - 6. Let a be (4/(-1))/(3 - (-78)/(-18)). Give x(a).
-6
Let c(j) be the second derivative of -3*j**5/40 - j**4/12 - 4*j**3/3 + 5*j. Let v(b) be the second derivative of c(b). Determine v(2).
-20
Let z be ((-16)/(-3))/((-6)/(-9)). Suppose -i - 5*c = 10, 4*c = -2*i - 0*i - z. Let a(k) = -k**3 + k**2 + 14. What is a(i)?
14
Let k = 18 - 16. Let m(u) = 3*u**2 + 20 - u**3 + k*u - 12 - 5. Determine m(4).
-5
Let w(d) = d**3 + 7*d**2 - 6*d + 10. Suppose -4*y + 16 = -n - 117, -3*y = -4*n - 116. Suppose 0 = 11*x - 7*x + y. Give w(x).
-6
Let i(a) be the second derivative of 7*a**4/12 + a**3/6 - 2*a. Let p be -3*4/(-12)*-6. Let h be (7/21)/(2/p). What is i(h)?
6
Let c be -5 + (2/6)/(5/(-45)). Let q(o) = -15*o + 11. Let h(n) = -5*n + 4. Let x(b) = c*h(b) + 3*q(b). Give x(-1).
6
Let r(q) = q**3 + 6*q**2 - 8*q + 8. Suppose 18 = -2*s + 4*o, 5*s + o + 25 + 9 = 0. Calculate r(s).
15
Let h(d) = -7 - 2 - 2*d + 5 - 3 + 4. What is h(6)?
-15
Let r(o) = o**3 + 7*o**2 + 4*o - 7. Let s(z) = -7*z. Let u be s(-1). Let m = -8 + u. Let g(b) = 6*b**3 + 2*b**2 + 3*b + 1. Let j be g(m). Determine r(j).
5
Let w(i) = -3 + 5*i - 1 - 1 - i. Calculate w(5).
15
Let j = -995 - -7961/8. Let q(w) be the third derivative of 0*w + 0 + 0*w**3 + j*w**4 + w**2. Give q(-2).
-6
Suppose 133 - 42 = -13*u. Let g(y) = -2*y - 17. Determine g(u).
-3
Let o(b) = -15*b**3 - 3*b**2 - 5*b - 7. Let t(n) = -8*n**3 - n**2 - 2*n - 3. Suppose 2*i = x, -5*x + 4*i - 3 = 3. Let k(u) = x*o(u) + 5*t(u). What is k(-1)?
10
Let k(z) = -13*z + 4. Let d(b) = b. Let a(p) = 14*d(p) + 2*k(p). Let c(y) = 8*y - 5. Let x(m) = 5*a(m) + 8*c(m). What is x(-1)?
-4
Let j(u) = u**3 + u**2 - u + 1. Let d(c) = c**3 - 12*c**2 + 26*c + 7. Let o be d(9). Let k be -4 + (-2 - 0)/o. Determine j(k).
-14
Let r(d) = d - 7. Suppose -2*o + 3*o - 11 = 0. Suppose -12 = -13*i + o*i. Give r(i).
-1
Let b(v) = v - 3. Let w be (4/8*2)/(8/(-40)). Give b(w).
-8
Let f(u) be the second derivative of -u**3/6 - 5*u**2 - u. Let i be 76/(-10) + 0 - 4/10. Determine f(i).
-2
Let x(j) = j**2 + j - 15. Let i(l) = l**2 + 16*l - 15. Suppose -111 + 43 = 4*a. Let q be i(a). Let v = q + -2. What is x(v)?
-15
Let o(q) = -q**2 - 2*q + 1. Let s(u) = u**3 - u**2 + 4*u - 12. Let y(x) = -4*o(x) - s(x). Give y(6).
-4
Let h(l) = -27*l**3 - 2*l + 16*l**3 + 12*l**3 + 1 + l. Give h(1).
1
Let i(o) be the third derivative of o**6/120 - 7*o**5/60 + o**4/12 - 5*o**3/6 + 4*o**2 + o. What is i(7)?
9
Let f(o) = -o**2 + 4*o - 3. Let a(l) be the second derivative of 0 + 1/12*l**4 - 5/2*l**2 + 4*l + 4/3*l**3. Let x be a(-9). Give f(x).
-3
Suppose -4*x = -t - 4*t - 84, 5*t - 3*x + 83 = 0. Let m(i) = i**3 + 17*i**2 + 16*i + 5. Determine m(t).
5
Let x(a) = 269*a**2 + 8 - 270*a**2 - 2 + 0 + 4*a. Give x(4).
6
Suppose 125 - 37 = 4*s. Let f = 37 - s. Suppose 0 = 5*r + f + 15. Let l(x) = -x - 8. Determine l(r).
-2
Let g = -150 + 145. Let i(a) = -10*a**2 - 15*a + 22. Let u(f) = -3*f**2 - 5*f + 7. Let z = 1 + -3. Let r(w) = z*i(w) + 7*u(w). Give r(g).
5
Let d be (-11)/(-9) + -1 + (-6160)/(-792). Let j(c) = -2*c + 11. What is j(d)?
-5
Let t(z) be the first derivative of z**5/60 - z**4/4 + z**3/2 + z**2/2 - 1. Let c(p) be the second derivative of t(p). Let r = 89147 + -89145. Determine c(r).
-5
Let s(d) be the second derivative of -d**3/6 + 9*d**2/2 + d. Let h = 4 - 2. Suppose -h*f + 0*z + 3*z + 13 = 0, 25 = 4*f - 5*z. Give s(f).
4
Let a(v) be the second derivative of v**5/20 - 5*v**4/12 + v**3/3 + 2*v**2 - v. Suppose 4*i = 20, g + i = -3*g + 433. Let l = -103 + g. What is a(l)?
-4
Let c(v) = 12*v + 3. Let m be (16 + -4)*(-3)/6 - -5. Give c(m).
-9
Let j be -3*(-3)/(-9)*-1. Let p(n) be the second derivative of 1/4*n**5 + n + 1/2*n**2 - 1/3*n**3 + 1/12*n**4 + 0. Give p(j).
5
Let r(n) = 266*n - 522*n + 257*n + 25. Give r(-15).
10
Let y(d) = d**2 + d + 3. Suppose -4*p = -5*h + 19, 3*h - p = 4*h - 11. Let j = 3 + h. Let c = 13 - j. Give y(c).
15
Suppose -7*g + 12*g = -r - 18, 3*r - g = -6. Let q(t) = t**2 - 4. Give q(r).
5
Let d(n) = -2*n**3 - 6*n**2 - 5*n + 7. Let a(r) = r**3 + r. Let g(u) = -3*a(u) - d(u). Determine g(6).
5
Let s = -43 + 44. Let b be s/2 - 15/2. Let r(n) be the third derivative of -n**6/120 - 2*n**5/15 - n**4/4 - n**3/3 + 3*n**2. Calculate r(b).
-9
Let t(n) = -2*n**2 + 13*n - 12. Let o be t(5). Let z(u) = -1 - 4 + o + 3 - 2*u. Calculate z(2).
-3
Let l(v) = v + 6. Let t(y) be the third derivative of y**5/12 - 13*y**4/24 - 13*y**3/6 - 28*y**2. Let z be t(-1). What is l(z)?
11
Let s(j) = -j**2 - 6*j - 4. Let n(o) = o**3 + 4*o + 10. Let k be n(-2). Give s(k).
-4
Let m(b) = -b + 15. Let u(k) = k - 26. Let g(q) = 5*m(q) + 3*u(q). Determine g(0).
-3
Let l(o) = 3*o**3 + o**2 + 8*o + 6. Let n(c) = -c**3 - 2*c - 1. Let v(k) = -l(k) - 4*n(k). Determine v(3).
16
Suppose -112*o = -42*o - 420. Let m(h) = -h**3 + 4*h**2 + 5*h - 6. What is m(o)?
-48
Let v(u) = 1 - 35*u**3 - 24*u + 18*u + 34*u**3 + 6*u**2. What is v(5)?
-4
Let q be (10 - (11 + -3))*(-3)/2. Let g(p) = 3*p**3 + 2*p**2 - 2*p + 2. Calculate g(q).
-55
Let n(i) = 0 + 3 + 4*i - 3*i. Let o be (1841 + -1840)*10/(2*1). Determine n(o).
8
Let r(f) = f**3 + 5. Let c(l) be the first derivative of -l**3/3 + 2*l**2 - l + 4. Let i be c(3). Suppose -i*h = -0*h. What is r(h)?
5
Let y(b) = b**3 + 25. Let m(u) = 32*u + 128. Let s be m(-4). Give y(s).
25
Let m(l) = -13*l + 3. Let j(h) = -84*h + 20. Let x(k) = -5*j(k) + 32*m(k). Let u be ((-4)/(-6))/(6/27). Let v(w) = w. Let c(t) = u*v(t) - x(t). Calculate c(5).
-1
Let l be (3 - 2)/(2/8). Suppose l*p + c = 3*c + 20, -c = 5*p - 18. Suppose -1 + p = 3*k. Let x(y) = -6*y**2 + y - 1. Determine x(k).
-6
Let v(k) be the first derivative of -k**3/3 - k**2/2 - k - 242. Let j be (-9)/7 - 20/(-70). Give v(j).
-1
Let n(w) = w**2 + 25*w + 84. Let j be n(-21). Let u(m) = m + 4. Calculate u(j).
4
Let q(i) = i + 6. Let z be q(2). Let u(j) be the third derivative of -j**4/12 + 2*j**3 - 2*j**2. Calculate u(z).
-4
Let z(j) = j + 28. Let h be z(-27). Let t be (-9)/((-27)/12) - h/1. Let v(p) = -p + 6. Give v(t).
3
Let w(k) be the first derivative of k**6/360 + k**5/24 + 17*k**3/3 + 16. Let m(t) be the third derivative of w(t). Calculate m(-4).
-4
Let s(o) = 2*o + 3. Suppose v - 5 = -4*v. Let z = -78 - -88. Let a be 2*(z/(-4) + v). Give s(a).
-3
Let z(p) = p**2 - 5*p - 6. Let b be 24/16*(-1)/((-12)/40). Determine z(b).
-6
Let p(d) = d**2 - 3. Suppose -4*b - 94 - 10 = 0. Let i = -23 - b. Suppose 4*u - 15 = -i. What is p(u)?
6
Let o(w) = 3*w**2 - w. Suppose 4*s = -5*q - 7, 4*q - 3 = 2*s + 7. Let j be o(q). Let l(c) = -2*c**3 + 0*c + 0*c + 4*c**2 - 2*c. Calculate l(j).
-4
Suppose -33*a = -40*a + 42. Let g(m) = -m**2 - 15 + 11 + 7 - a*m. Calculate g(-7).
-4
Let u(x) = -x**2 - 8*x - 5. Suppose -5*n = 4*z - 20, -5*z + 25 = -0*n + 3*n. Suppose -4*y + n*y = 16, 3*y = a - 5. What is u(a)?
2
Let d(m) = 6*m - m - 2*m - 2*m. Let k(o) = 1. Let j(n) = -d(n) - k(n). Let h(f) = f**2 - 13*f + 10. Let s be h(12). Determine j(s).
1
Let y(n) = -6*n**3 - n - 9*n**2 + 2*n + 2172 - 2171. Let i(u) = u**3 + u**2 + u. Let a(w) = 5*i(w) + y(w). Calculate a(-5).
-4
Let t(z) = 2*z + 10. Let d be t(-7). Let k be (2/d)/((-1)/(-4)). Let b(y) = 3*y**2 - y - 2. What is b(k)?
12
Let g(i) = -i**3 + i**2 + i - 2. Let n = -22 + 22. Suppose 5*w + 13 = -m, n = 4*w - 4*m - 5 + 1. What is g(w)?
8
Let y(u) = 5*u - 1. Let j(t) = 6*t - 1. Let d(f) = 4*j(f) - 5*y(f). Let v = 5307 + -5306. Give d(v).
0
Let h(s) be the third derivative of -s**6/120 - s**5/20 - s**3/3 - s**2. Let b be 8 + 670/(-80) + (-42)/16. Calculate h(b).
-2
Supp